ands digit of 842906?
4
What is the tens digit of 1325833?
3
What is the thousands digit of 79635?
9
What is the hundred thousands digit of 198684?
1
What is the units digit of 99140?
0
What is the units digit of 321506?
6
What is the ten thousands digit of 19160257?
6
What is the thousands digit of 376998?
6
What is the hundreds digit of 63450?
4
What is the thousands digit of 19539485?
9
What is the thousands digit of 687798?
7
What is the hundreds digit of 2244034?
0
What is the tens digit of 549110?
1
What is the hundreds digit of 145973?
9
What is the ten millions digit of 13543079?
1
What is the tens digit of 547597?
9
What is the tens digit of 9973840?
4
What is the units digit of 200303?
3
What is the ten thousands digit of 18928440?
2
What is the thousands digit of 11454790?
4
What is the units digit of 281531?
1
What is the units digit of 923935?
5
What is the hundreds digit of 4296922?
9
What is the ten millions digit of 19637670?
1
What is the tens digit of 1853322?
2
What is the units digit of 466907?
7
What is the units digit of 1739242?
2
What is the ten thousands digit of 3179984?
7
What is the thousands digit of 615929?
5
What is the ten thousands digit of 190219?
9
What is the hundred thousands digit of 11227289?
2
What is the thousands digit of 65585?
5
What is the ten thousands digit of 2796201?
9
What is the hundreds digit of 417487?
4
What is the tens digit of 285922?
2
What is the hundreds digit of 8605454?
4
What is the thousands digit of 75517?
5
What is the units digit of 337629?
9
What is the ten thousands digit of 299018?
9
What is the ten millions digit of 17321457?
1
What is the tens digit of 760045?
4
What is the ten millions digit of 15957156?
1
What is the ten thousands digit of 373030?
7
What is the units digit of 143062?
2
What is the hundred thousands digit of 326614?
3
What is the thousands digit of 327977?
7
What is the ten thousands digit of 5670769?
7
What is the thousands digit of 1136019?
6
What is the thousands digit of 809932?
9
What is the units digit of 126663?
3
What is the millions digit of 8063823?
8
What is the ten thousands digit of 10176804?
7
What is the hundreds digit of 93014?
0
What is the hundreds digit of 6892600?
6
What is the thousands digit of 68390?
8
What is the ten thousands digit of 1116963?
1
What is the tens digit of 2131654?
5
What is the units digit of 1019922?
2
What is the hundreds digit of 4840295?
2
What is the ten thousands digit of 14852526?
5
What is the millions digit of 3007430?
3
What is the units digit of 12976588?
8
What is the units digit of 106625?
5
What is the millions digit of 2178669?
2
What is the tens digit of 648327?
2
What is the tens digit of 3674738?
3
What is the thousands digit of 806246?
6
What is the hundreds digit of 336675?
6
What is the units digit of 1097047?
7
What is the hundred thousands digit of 1442436?
4
What is the thousands digit of 603359?
3
What is the ten millions digit of 11374870?
1
What is the hundreds digit of 65325?
3
What is the units digit of 9625163?
3
What is the units digit of 4021212?
2
What is the hundred thousands digit of 9800575?
8
What is the hundred thousands digit of 2795975?
7
What is the ten thousands digit of 16283731?
8
What is the hundred thousands digit of 242400?
2
What is the tens digit of 342837?
3
What is the hundred thousands digit of 1258217?
2
What is the units digit of 3779620?
0
What is the hundreds digit of 413614?
6
What is the units digit of 241749?
9
What is the ten thousands digit of 226683?
2
What is the units digit of 128703?
3
What is the units digit of 110149?
9
What is the tens digit of 9935155?
5
What is the hundreds digit of 380150?
1
What is the tens digit of 5976592?
9
What is the ten thousands digit of 287419?
8
What is the units digit of 3528875?
5
What is the hundred thousands digit of 12634323?
6
What is the hundreds digit of 9382631?
6
What is the hundreds digit of 14359025?
0
What is the ten thousands digit of 33125?
3
What is the units digit of 331471?
1
What is the thousands digit of 12391532?
1
What is the millions digit of 5468689?
5
What is the tens digit of 388867?
6
What is the units digit of 208631?
1
What is the hundreds digit of 441632?
6
What is the hundreds digit of 254892?
8
What is the hundred thousands digit of 4609539?
6
What is the thousands digit of 166451?
6
What is the tens digit of 926404?
0
What is the hundred thousands digit of 215665?
2
What is the units digit of 253792?
2
What is the units digit of 5972061?
1
What is the ten thousands digit of 5113434?
1
What is the hundred thousands digit of 1665371?
6
What is the units digit of 243040?
0
What is the units digit of 137382?
2
What is the hundreds digit of 15470746?
7
What is the tens digit of 155160?
6
What is the thousands digit of 370307?
0
What is the hundreds digit of 774643?
6
What is the units digit of 695202?
2
What is the millions digit of 24415684?
4
What is the hundreds digit of 307659?
6
What is the millions digit of 6021052?
6
What is the thousands digit of 1227826?
7
What is the ten millions digit of 16138611?
1
What is the ten thousands digit of 1959394?
5
What is the units digit of 1416?
6
What is the units digit of 2656036?
6
What is the units digit of 1489038?
8
What is the units digit of 24666?
6
What is the tens digit of 8846339?
3
What is the hundred thousands digit of 605942?
6
What is the ten thousands digit of 11712315?
1
What is the hundreds digit of 89547?
5
What is the units digit of 802566?
6
What is the thousands digit of 6378602?
8
What is the ten thousands digit of 581977?
8
What is the millions digit of 5408871?
5
What is the tens digit of 674053?
5
What is the ten thousands digit of 10669031?
6
What is the tens digit of 104179?
7
What is the hundreds digit of 9198557?
5
What is the thousands digit of 931847?
1
What is the ten thousands digit of 20692400?
9
What is the tens digit of 351585?
8
What is the hundreds digit of 140641?
6
What is the millions digit of 1642740?
1
What is the ten thousands digit of 749006?
4
What is the hundred thousands digit of 1282011?
2
What is the tens digit of 35652080?
8
What is the units digit of 10839680?
0
What is the thousands digit of 2444039?
4
What is the hundreds digit of 5475804?
8
What is the hundreds digit of 9315550?
5
What is the hundred thousands digit of 16633986?
6
What is the tens digit of 82232?
3
What is the hundred thousands digit of 843737?
8
What is the hundreds digit of 1683781?
7
What is the hundreds digit of 38416?
4
What is the hundred thousands digit of 445065?
4
What is the thousands digit of 1966492?
6
What is the ten thousands digit of 19187780?
8
What is the tens digit of 439350?
5
What is the units digit of 27978734?
4
What is the millions digit of 21677318?
1
What is the units digit of 2386411?
1
What is the hundred thousands digit of 289757?
2
What is the hundreds digit of 427505?
5
What is the hundreds digit of 354168?
1
What is the millions digit of 19278877?
9
What is the hundreds digit of 16825556?
5
What is the ten thousands digit of 2437403?
3
What is the hundreds digit of 46644?
6
What is the hundreds digit of 231083?
0
What is the tens digit of 9923175?
7
What is the hundreds digit of 10563138?
1
What is the ten thousands digit of 4713556?
1
What is the ten thousands digit of 431257?
3
What is the thousands digit of 403352?
3
What is the hundreds digit of 4781803?
8
What is the hundreds digit of 306525?
5
What is the thousands digit of 1444130?
4
What is the ten thousands digit of 138049?
3
What is the hundreds digit of 187864?
8
What is the hundreds digit of 43330?
3
What is the units digit of 69031?
1
What is the thousands digit of 2361913?
1
What is the ten thousands digit of 67518?
6
What is the thousands digit of 463673?
3
What is the tens digit of 1854897?
9
What is the thousands digit of 617632?
7
What is the hundreds digit of 150359?
3
What is the hundreds digit of 274850?
8
What is the hundreds digit of 323686?
6
What is the ten thousands digit of 487038?
8
What is the thousands digit of 449155?
9
What is the tens digit of 423023?
2
What is the tens digit of 277084?
8
What is the hundred thousands digit of 3003021?
0
What is the hundreds digit of 684803?
8
What is the hundred thousands digi